3690.
969
What is the highest common divisor of 17947652 and 1844?
1844
Calculate the highest common divisor of 7327 and 21791360.
431
What is the highest common divisor of 311465 and 209?
11
What is the highest common factor of 2748 and 21167844?
2748
Calculate the highest common factor of 9084 and 14137732.
3028
Calculate the highest common divisor of 57284 and 990.
2
What is the highest common divisor of 3762012 and 2748?
2748
What is the greatest common factor of 2504425 and 30800?
1925
Calculate the highest common divisor of 3607688 and 124936.
1288
Calculate the greatest common divisor of 512 and 48592944.
16
Calculate the greatest common factor of 12186045 and 285.
15
What is the highest common divisor of 532370 and 216145?
695
Calculate the greatest common divisor of 35995 and 60989615.
1565
What is the highest common factor of 1532524 and 49148?
4468
What is the greatest common factor of 2846720 and 41920?
320
What is the greatest common divisor of 5149 and 44384?
19
What is the greatest common factor of 102214646 and 74?
74
What is the highest common factor of 178071235 and 2746?
1373
What is the highest common divisor of 3405470 and 2030?
290
What is the highest common divisor of 3942224 and 7568?
176
Calculate the highest common divisor of 156 and 2855148.
12
What is the greatest common factor of 56778 and 2228?
2
What is the highest common factor of 1241210968 and 376?
376
What is the greatest common factor of 59458905 and 99?
99
What is the greatest common factor of 694 and 441226?
2
What is the greatest common factor of 24 and 754092408?
24
What is the greatest common factor of 6141 and 36086118?
267
Calculate the greatest common divisor of 1133 and 5248232.
11
Calculate the greatest common divisor of 86778 and 128682.
54
Calculate the highest common divisor of 390 and 73208130.
30
Calculate the highest common divisor of 13241966 and 22296.
1858
What is the greatest common factor of 252277 and 3?
1
Calculate the highest common divisor of 500 and 1274375.
125
What is the highest common divisor of 13051430 and 16450?
3290
Calculate the highest common factor of 7812 and 297458.
14
Calculate the highest common divisor of 5889880 and 61830.
2290
What is the highest common factor of 928230 and 30?
30
What is the greatest common factor of 6142870 and 2140?
1070
What is the highest common divisor of 1908 and 15574898?
106
Calculate the highest common factor of 226180061 and 2263.
2263
What is the greatest common factor of 23370 and 6878190?
570
Calculate the greatest common factor of 267 and 159693.
3
What is the greatest common divisor of 774 and 5842782?
18
What is the greatest common factor of 7718499 and 81?
9
What is the highest common factor of 134792 and 3554936?
1624
What is the greatest common factor of 3190300 and 540?
20
What is the greatest common factor of 14109130 and 5?
5
Calculate the greatest common divisor of 21134994 and 9114.
186
Calculate the highest common factor of 366604996 and 904.
452
Calculate the highest common divisor of 211250205 and 1420.
355
Calculate the highest common divisor of 582 and 38166.
6
Calculate the highest common divisor of 847 and 1113782978.
847
What is the greatest common factor of 2691 and 445671?
207
Calculate the highest common factor of 6209658 and 84864.
1326
Calculate the highest common divisor of 647840 and 1580.
20
Calculate the highest common divisor of 368 and 42288304.
16
Calculate the greatest common divisor of 9 and 38436147.
9
Calculate the greatest common factor of 24288168 and 72.
24
Calculate the greatest common divisor of 54234 and 82483888.
6026
What is the highest common divisor of 41974839 and 207?
207
What is the highest common divisor of 8 and 25230136?
8
What is the greatest common divisor of 11618831 and 1519?
1519
Calculate the highest common factor of 32193 and 54531.
657
What is the greatest common divisor of 399110886 and 18?
18
What is the greatest common factor of 175878 and 4995?
27
What is the highest common factor of 11352 and 38826678?
2838
What is the highest common factor of 1073340 and 209241?
603
Calculate the greatest common divisor of 751328676 and 72.
36
Calculate the greatest common factor of 27702930 and 2528.
158
What is the greatest common divisor of 136863 and 146136393?
3699
Calculate the greatest common divisor of 9315 and 26685.
45
Calculate the highest common factor of 1023 and 5547450.
93
Calculate the highest common factor of 27502812 and 36.
36
What is the highest common factor of 345 and 16754235?
345
Calculate the greatest common factor of 26902377 and 99.
9
Calculate the highest common factor of 914353 and 15598319.
9053
Calculate the greatest common divisor of 2529 and 790542.
9
Calculate the highest common divisor of 5860371 and 22.
11
What is the greatest common divisor of 18 and 1178097066?
18
What is the greatest common factor of 450954 and 804762?
378
What is the greatest common factor of 93219017 and 7563?
2521
Calculate the greatest common factor of 2179476 and 1113.
3
Calculate the greatest common factor of 3432195 and 4095.
585
Calculate the highest common divisor of 10021281 and 6.
3
Calculate the highest common divisor of 7882 and 5918256.
1126
What is the greatest common divisor of 13352508 and 286?
26
What is the greatest common factor of 12 and 7869084?
12
What is the highest common factor of 166 and 865127094?
166
What is the greatest common divisor of 60 and 165947550?
30
Calculate the greatest common factor of 57124483 and 91.
13
Calculate the greatest common factor of 56 and 67004.
28
Calculate the highest common divisor of 113114 and 477046.
4918
What is the highest common divisor of 31699506 and 4170?
834
Calculate the highest common divisor of 326 and 3423000.
326
Calculate the highest common factor of 5960 and 65818664.
1192
What is the highest common divisor of 354616700 and 86?
86
What is the highest common factor of 7453352 and 4248?
472
Calculate the greatest common divisor of 3377918 and 138.
46
Calculate the highest common factor of 6241630 and 30.
10
What is the greatest common divisor of 2460 and 8099740?
20
What is the greatest common divisor of 1375470 and 3720?
930
What is the greatest common divisor of 768 and 492000?
96
What is the highest common factor of 8213 and 63305613?
191
Calculate the greatest common factor of 1960 and 154252.
196
What is the greatest common divisor of 166974721 and 27724?
6931
Calculate the highest common divisor of 140674992 and 8.
8
Calculate the greatest common divisor of 1100 and 32822350.
550
Calculate the highest common factor of 2208 and 250496496.
1104
What is the highest common divisor of 79086 and 81653874?
1614
Calculate the greatest common divisor of 39882 and 38301.
51
What is the highest common factor of 4140 and 324555990?
690
Calculate the highest common factor of 356 and 162544.
4
What is the highest common divisor of 216 and 219213?
27
What is the highest common divisor of 135624 and 4596?
12
What is the greatest common divisor of 27324 and 133372998?
4554
What is the greatest common factor of 1368 and 18515538?
342
What is the highest common divisor of 325 and 34376400?
25
What is the greatest common factor of 21307377 and 1449?
21
What is the highest common factor of 27230877 and 27?
27
What is the highest common factor of 161796140 and 11220?
3740
What is the highest common factor of 11270 and 125090?
70
Calculate the highest common factor of 149 and 6692633.
149
What is the highest common divisor of 88545175 and 1605?
535
What is the greatest common factor of 4 and 274508?
4
What is the greatest common divisor of 211324 and 529?
23
What is the greatest common factor of 257959 and 40885?
13
Calculate the highest common divisor of 1681425 and 27189.
1431
Calculate the greatest common factor of 318 and 5270426.
106
What is the greatest common divisor of 696 and 1768623?
87
Calculate the greatest common factor of 1926 and 398942010.
1926
Calculate the highest common factor of 763035 and 776580.
4515
Calculate the greatest common divisor of 704964 and 66307287.
13557
Calculate the highest common factor of 3616 and 3565624.
8
Calculate the highest common divisor of 225197 and 233088.
607
Calculate the greatest common divisor of 2568226 and 391.
23
Calc